{"id":3193,"date":"2021-03-17T15:38:45","date_gmt":"2021-03-17T14:38:45","guid":{"rendered":"http:\/\/www.ctpergine.it\/?page_id=3193"},"modified":"2021-03-27T11:46:29","modified_gmt":"2021-03-27T10:46:29","slug":"circolo","status":"publish","type":"page","link":"https:\/\/www.ctpergine.it\/index.php\/circolo\/","title":{"rendered":"Circolo"},"content":{"rendered":"<p>[vc_row css=&#8221;.vc_custom_1615992686772{margin-bottom: 20px !important;}&#8221;][vc_column][vc_column_text]<\/p>\r\n<p>Negli ultimi anni il Circolo si \u00e8 impegnato per migliorare il contesto sportivo e sociale del circolo tennis di Pergine Valsugana.<br \/>Annualmente si tengono i Tornei della Citt\u00e0 di Pergine a luglio, ottobre e dicembre.<br \/>Si organizzano, per i propri soci, anche tornei invernali di doppio e singolare.<br \/>Ogni anno il circolo partecipa alla giornata di settembre \u201cScegli lo Sport\u201d che tiene la citt\u00e0 di Pergine Valsugana lungo tutte le strade del centro storico.<\/p>\r\n<p>[\/vc_column_text][\/vc_column][\/vc_row][vc_row full_width=&#8221;stretch_row&#8221; scheme=&#8221;stile_2_s&#8221; css=&#8221;.vc_custom_1616837832238{background-color: #d6d6d6 !important;}&#8221;][vc_column width=&#8221;1\/4&#8243;][vc_custom_heading text=&#8221;Citt\u00e0 dello Sport&#8221; font_container=&#8221;tag:h3|text_align:left|color:%23d2691e&#8221; use_theme_fonts=&#8221;yes&#8221; css_animation=&#8221;slideInLeft&#8221;][\/vc_column][vc_column css_animation=&#8221;none&#8221; width=&#8221;3\/4&#8243; css=&#8221;.vc_custom_1615992561579{padding-top: 20px !important;padding-right: 20px !important;padding-bottom: 20px !important;padding-left: 20px !important;}&#8221;][vc_media_grid element_width=&#8221;6&#8243; gap=&#8221;20&#8243; item=&#8221;mediaGrid_BorderedScaleWithTitle&#8221; initial_loading_animation=&#8221;none&#8221; grid_id=&#8221;vc_gid:1616841970083-0a21b680-acde-10&#8243; include=&#8221;3200,3199&#8243; css=&#8221;.vc_custom_1615992153995{border-top-width: 0px !important;border-right-width: 0px !important;border-left-width: 0px !important;padding-bottom: 0px !important;}&#8221;][\/vc_column][\/vc_row][vc_row css=&#8221;.vc_custom_1615992686772{margin-bottom: 20px !important;}&#8221;][vc_column][vc_custom_heading text=&#8221;Novit\u00e0&#8221; font_container=&#8221;tag:h3|text_align:left|color:%23d2691e&#8221; use_theme_fonts=&#8221;yes&#8221; css_animation=&#8221;slideInLeft&#8221;][vc_column_text]<\/p>\r\n<p>Tra il 2018 e il 2019 \u00e8 stata ampliata la zona fitness: palestra e terrazza accessibili con un ascensore per disabili.<br \/>Abbiamo raddoppiato la nostra offerta grazie alla realizzazione di due campi in Play-It che affiancheremo agli altri due storici rettangoli in terra battuta. Un cambiamento che non potr\u00e0 che risultare gradito agli appassionati, la particolare elasticit\u00e0 della superficie in play-it garantisce il massimo comfort di gioco, \u00e8 veloce come un fondo in cemento, ma nello stesso tempo morbida come la terra, e di conseguenza pi\u00f9 rilassante per i giocatori, in particolare per tendini, ginocchia e caviglie. Una superficie che esalta il rimbalzo della palla e riduce i traumi alle articolazioni.<br \/>Omologato per i tornei internazionali il fondo in Play-it \u00e8 stato scelto anche dalla Federazione per il Centro Tecnico di Tirrenia perch\u00e9 si \u00e8 rivelato particolarmente adatto ai giovani agonisti. Tutti e quattro i campi del Ct Pergine sono dotati di copertura, una proposta davvero significativa quindi anche per la Scuola Tennis del club.<\/p>\r\n<p>[\/vc_column_text][\/vc_column][\/vc_row][vc_row css=&#8221;.vc_custom_1615992686772{margin-bottom: 20px !important;}&#8221;][vc_column][vc_custom_heading text=&#8221;Servizi&#8221; font_container=&#8221;tag:h3|text_align:left|color:%23d2691e&#8221; use_theme_fonts=&#8221;yes&#8221; css_animation=&#8221;slideInLeft&#8221;]<ul class=\"sc_list sc_list_style_iconed\"><li class=\"sc_list_item odd first\" title=\"Possibilit\u00e0 di pagamento dilazionato e personalizzato dei corsi in pi\u00f9 rate\"><span class=\"sc_list_icon icon-double-right\"><\/span>Possibilit\u00e0 di pagamento dilazionato e personalizzato dei corsi in pi\u00f9 rate<\/li><li class=\"sc_list_item even\" title=\"Racchette ed attrezzi tecnici forniti in uso gratuitamente\"><span class=\"sc_list_icon icon-double-right\"><\/span>Racchette ed attrezzi tecnici forniti in uso gratuitamente<\/li><li class=\"sc_list_item odd\" title=\"Tessera associativa al Circolo per gli allievi della Scuola Federale\"><span class=\"sc_list_icon icon-double-right\"><\/span>Tessera associativa al Circolo per gli allievi della Scuola Federale<\/li><li class=\"sc_list_item even\" title=\"Parcheggio\"><span class=\"sc_list_icon icon-double-right\"><\/span>Parcheggio<\/li><li class=\"sc_list_item odd\" title=\"Spogliatoi\"><span class=\"sc_list_icon icon-double-right\"><\/span>Spogliatoi<\/li><li class=\"sc_list_item even\" title=\"4 campi (2 play it, 2 terra)\"><span class=\"sc_list_icon icon-double-right\"><\/span>4 campi (2 play it, 2 terra)<\/li><li class=\"sc_list_item odd\" title=\"Bar - Ristorante\"><span class=\"sc_list_icon icon-double-right\"><\/span>Bar - Ristorante<\/li><li class=\"sc_list_item even\" title=\"Felpa e completino ad ogni allievo della Scuola\"><span class=\"sc_list_icon icon-double-right\"><\/span>Felpa e completino ad ogni allievo della Scuola<\/li><li class=\"sc_list_item odd\" title=\"Palestra\"><span class=\"sc_list_icon icon-double-right\"><\/span>Palestra<\/li><li class=\"sc_list_item even\" title=\"Terrazza\"><span class=\"sc_list_icon icon-double-right\"><\/span>Terrazza<\/li><li class=\"sc_list_item odd\" title=\"Spazio verde (parco giochi)\"><span class=\"sc_list_icon icon-double-right\"><\/span>Spazio verde (parco giochi)<\/li><\/ul>[\/vc_column][\/vc_row]<\/p>","protected":false},"excerpt":{"rendered":"<p>[vc_row css=&#8221;.vc_custom_1615992686772{margin-bottom: 20px !important;}&#8221;][vc_column][vc_column_text] Negli ultimi anni il Circolo si \u00e8 impegnato per migliorare il contesto sportivo e sociale del circolo tennis di Pergine Valsugana.Annualmente si tengono i Tornei della [&hellip;]<\/p>\n","protected":false},"author":1,"featured_media":0,"parent":0,"menu_order":0,"comment_status":"closed","ping_status":"closed","template":"","meta":{"footnotes":""},"class_list":["post-3193","page","type-page","status-publish","hentry"],"_links":{"self":[{"href":"https:\/\/www.ctpergine.it\/index.php\/wp-json\/wp\/v2\/pages\/3193","targetHints":{"allow":["GET"]}}],"collection":[{"href":"https:\/\/www.ctpergine.it\/index.php\/wp-json\/wp\/v2\/pages"}],"about":[{"href":"https:\/\/www.ctpergine.it\/index.php\/wp-json\/wp\/v2\/types\/page"}],"author":[{"embeddable":true,"href":"https:\/\/www.ctpergine.it\/index.php\/wp-json\/wp\/v2\/users\/1"}],"replies":[{"embeddable":true,"href":"https:\/\/www.ctpergine.it\/index.php\/wp-json\/wp\/v2\/comments?post=3193"}],"version-history":[{"count":44,"href":"https:\/\/www.ctpergine.it\/index.php\/wp-json\/wp\/v2\/pages\/3193\/revisions"}],"predecessor-version":[{"id":3468,"href":"https:\/\/www.ctpergine.it\/index.php\/wp-json\/wp\/v2\/pages\/3193\/revisions\/3468"}],"wp:attachment":[{"href":"https:\/\/www.ctpergine.it\/index.php\/wp-json\/wp\/v2\/media?parent=3193"}],"curies":[{"name":"wp","href":"https:\/\/api.w.org\/{rel}","templated":true}]}}